{"id":58,"date":"2016-07-20T15:18:37","date_gmt":"2016-07-20T18:18:37","guid":{"rendered":"http:\/\/www.rotima.com.uy\/inmobiliaria\/?page_id=58"},"modified":"2016-07-27T00:16:10","modified_gmt":"2016-07-27T03:16:10","slug":"juridicos-notariales-y-contables","status":"publish","type":"page","link":"https:\/\/www.rotima.com.uy\/inmobiliaria\/servicios\/juridicos-notariales-y-contables\/","title":{"rendered":"Servicios Jur\u00eddicos, Notariales y Contables"},"content":{"rendered":"<p>[et_pb_section admin_label=\u00bbsection\u00bb][et_pb_row admin_label=\u00bbrow\u00bb][et_pb_column type=\u00bb4_4&#8243;][et_pb_post_title admin_label=\u00bbT\u00edtulo de publicaci\u00f3n\u00bb title=\u00bbon\u00bb meta=\u00bboff\u00bb author=\u00bbon\u00bb date=\u00bbon\u00bb categories=\u00bbon\u00bb comments=\u00bbon\u00bb featured_image=\u00bboff\u00bb featured_placement=\u00bbbelow\u00bb parallax_effect=\u00bbon\u00bb parallax_method=\u00bbon\u00bb text_orientation=\u00bbleft\u00bb text_color=\u00bbdark\u00bb text_background=\u00bboff\u00bb text_bg_color=\u00bbrgba(255,255,255,0.9)\u00bb module_bg_color=\u00bbrgba(255,255,255,0)\u00bb title_all_caps=\u00bboff\u00bb use_border_color=\u00bboff\u00bb border_color=\u00bb#ffffff\u00bb border_style=\u00bbsolid\u00bb]<\/p>\n<p>[\/et_pb_post_title][\/et_pb_column][\/et_pb_row][et_pb_row admin_label=\u00bbFila\u00bb][et_pb_column type=\u00bb2_3&#8243;][et_pb_text admin_label=\u00bbbox\u00bb background_layout=\u00bblight\u00bb text_orientation=\u00bbleft\u00bb use_border_color=\u00bboff\u00bb border_color=\u00bb#ffffff\u00bb border_style=\u00bbsolid\u00bb]<\/p>\n<div class='et-box et-shadow'>\n\t\t\t\t\t<div class='et-box-content'><ul>\n<li>\u00bfNecesita asesoramiento legal en lo civil?<\/li>\n<li>\u00bfBusca un escribano o escribana de confianza?<\/li>\n<li>\u00bfQuiere orientarse por administraciones y contabilidad?<\/li>\n<\/ul><\/div><\/div>\n<p>[\/et_pb_text][et_pb_text admin_label=\u00bbTexto\u00bb background_layout=\u00bblight\u00bb text_orientation=\u00bbleft\u00bb use_border_color=\u00bboff\u00bb border_color=\u00bb#ffffff\u00bb border_style=\u00bbsolid\u00bb]<\/p>\n<p>Tratamos asuntos administrativos y civiles, para empresas y particulares.<\/p>\n<p>Hacemos testamentos, sucesiones y compraventa de inmuebles.<\/p>\n<p>Le ofrecemos responsabilidad y eficacia, con servicios \u00e1giles y profesionales calificados.<\/p>\n<p>[\/et_pb_text][\/et_pb_column][et_pb_column type=\u00bb1_3&#8243;][et_pb_text admin_label=\u00bbTexto\u00bb background_layout=\u00bblight\u00bb text_orientation=\u00bbcenter\u00bb use_border_color=\u00bboff\u00bb border_color=\u00bb#ffffff\u00bb border_style=\u00bbsolid\u00bb]<\/p>\n<p>Incluimos gestor\u00eda, tr\u00e1mites y asistencia en general.<\/p>\n<p>[\/et_pb_text][et_pb_text admin_label=\u00bbcontacto\u00bb background_layout=\u00bblight\u00bb text_orientation=\u00bbcenter\u00bb use_border_color=\u00bboff\u00bb border_color=\u00bb#ffffff\u00bb border_style=\u00bbsolid\u00bb]<\/p>\n<p><a href=\"index.php?page_id=48\" class=\"contacto\">Cont\u00e1ctenos<\/a><\/p>\n<p>[\/et_pb_text][\/et_pb_column][\/et_pb_row][et_pb_row admin_label=\u00bbFila\u00bb][et_pb_column type=\u00bb1_3&#8243;][et_pb_text admin_label=\u00bblegal\u00bb background_layout=\u00bblight\u00bb text_orientation=\u00bbleft\u00bb use_border_color=\u00bboff\u00bb border_color=\u00bb#ffffff\u00bb border_style=\u00bbsolid\u00bb]<\/p>\n<p>En el \u00e1rea jur\u00eddica asistimos en:<\/p>\n<ul>\n<li>Arrendamientos<\/li>\n<li>Cobros<\/li>\n<li>Conciliaciones<\/li>\n<li>Desalojos<\/li>\n<li>Divorcios<\/li>\n<li>Pensiones<\/li>\n<li>Sucesiones<\/li>\n<\/ul>\n<p>[\/et_pb_text][\/et_pb_column][et_pb_column type=\u00bb1_3&#8243;][et_pb_text admin_label=\u00bbnotarial\u00bb background_layout=\u00bblight\u00bb text_orientation=\u00bbleft\u00bb use_border_color=\u00bboff\u00bb border_color=\u00bb#ffffff\u00bb border_style=\u00bbsolid\u00bb]<\/p>\n<p>En el \u00e1rea notarial nos especializamos en:<\/p>\n<ul>\n<li>Actas<\/li>\n<li>Certificaciones<\/li>\n<li>Contratos<\/li>\n<li>Leasings (tramitaci\u00f3n integral)<\/li>\n<li>Particiones<\/li>\n<li>Poderes<\/li>\n<li>Promesas<\/li>\n<li>Testamentos<\/li>\n<li>Testimonios<\/li>\n<li>T\u00edtulos de propiedad de inmuebles y automotores<\/li>\n<li>Tr\u00e1mites ante el Banco Hipotecario del Uruguay<\/li>\n<\/ul>\n<p>[\/et_pb_text][\/et_pb_column][et_pb_column type=\u00bb1_3&#8243;][et_pb_text admin_label=\u00bbcontable\u00bb background_layout=\u00bblight\u00bb text_orientation=\u00bbleft\u00bb use_border_color=\u00bboff\u00bb border_color=\u00bb#ffffff\u00bb border_style=\u00bbsolid\u00bb]<\/p>\n<p>En el \u00e1rea contable nos especializamos en:<\/p>\n<ul>\n<li>Balances y auditorias<\/li>\n<li>Convenios<\/li>\n<li>Empresas unipersonales<\/li>\n<li>Inscripciones<\/li>\n<li>Prescripciones<\/li>\n<li>Reformas tributarias<\/li>\n<li>Regularizaciones<\/li>\n<li>Sociedades An\u00f3nimas<\/li>\n<li>Sociedades de Responsabilidad Limitada<\/li>\n<li>Tr\u00e1mites en el Banco de Previsi\u00f3n Social<\/li>\n<li>Tr\u00e1mites en el Banco de Seguros del Estado<\/li>\n<li>Tr\u00e1mites en el Banco Rep\u00fablica Oriental del Uruguay<\/li>\n<li>Tr\u00e1mites en la Direcci\u00f3n General de Impositiva (como el Impuesto a la Renta de las Personas F\u00edsicas, IRPF).<\/li>\n<\/ul>\n<p>[\/et_pb_text][\/et_pb_column][\/et_pb_row][\/et_pb_section]<\/p>\n","protected":false},"excerpt":{"rendered":"<p><div class='et-box et-shadow'>\n\t\t\t\t\t<div class='et-box-content'>\u00bfNecesita asesoramiento legal en lo civil? \u00bfBusca un escribano o escribana de confianza? \u00bfQuiere orientarse por administraciones y contabilidad?<\/div><\/div> Tratamos asuntos administrativos y civiles, para empresas y particulares. Hacemos testamentos, sucesiones y compraventa de inmuebles. Le ofrecemos responsabilidad y eficacia, con servicios \u00e1giles y profesionales calificados. Incluimos gestor\u00eda, tr\u00e1mites y asistencia en [&hellip;]<\/p>\n","protected":false},"author":1,"featured_media":0,"parent":52,"menu_order":0,"comment_status":"closed","ping_status":"closed","template":"","meta":{"_et_pb_use_builder":"on","_et_pb_old_content":"","_et_gb_content_width":"","_lmt_disableupdate":"","_lmt_disable":"","footnotes":""},"class_list":["post-58","page","type-page","status-publish","hentry"],"_links":{"self":[{"href":"https:\/\/www.rotima.com.uy\/inmobiliaria\/wp-json\/wp\/v2\/pages\/58","targetHints":{"allow":["GET"]}}],"collection":[{"href":"https:\/\/www.rotima.com.uy\/inmobiliaria\/wp-json\/wp\/v2\/pages"}],"about":[{"href":"https:\/\/www.rotima.com.uy\/inmobiliaria\/wp-json\/wp\/v2\/types\/page"}],"author":[{"embeddable":true,"href":"https:\/\/www.rotima.com.uy\/inmobiliaria\/wp-json\/wp\/v2\/users\/1"}],"replies":[{"embeddable":true,"href":"https:\/\/www.rotima.com.uy\/inmobiliaria\/wp-json\/wp\/v2\/comments?post=58"}],"version-history":[{"count":9,"href":"https:\/\/www.rotima.com.uy\/inmobiliaria\/wp-json\/wp\/v2\/pages\/58\/revisions"}],"predecessor-version":[{"id":158,"href":"https:\/\/www.rotima.com.uy\/inmobiliaria\/wp-json\/wp\/v2\/pages\/58\/revisions\/158"}],"up":[{"embeddable":true,"href":"https:\/\/www.rotima.com.uy\/inmobiliaria\/wp-json\/wp\/v2\/pages\/52"}],"wp:attachment":[{"href":"https:\/\/www.rotima.com.uy\/inmobiliaria\/wp-json\/wp\/v2\/media?parent=58"}],"curies":[{"name":"wp","href":"https:\/\/api.w.org\/{rel}","templated":true}]}}