{"id":72,"date":"2016-07-20T15:50:12","date_gmt":"2016-07-20T18:50:12","guid":{"rendered":"http:\/\/www.rotima.com.uy\/inmobiliaria\/?page_id=72"},"modified":"2019-11-22T16:11:50","modified_gmt":"2019-11-22T19:11:50","slug":"inversiones","status":"publish","type":"page","link":"https:\/\/www.rotima.com.uy\/inmobiliaria\/servicios\/financieros\/inversiones\/","title":{"rendered":"Inversiones"},"content":{"rendered":"<p>[et_pb_section fb_built=\u00bb1&#8243; custom_padding_last_edited=\u00bbon|desktop\u00bb admin_label=\u00bbsection\u00bb _builder_version=\u00bb3.22&#8243; custom_padding_tablet=\u00bb50px|0|50px|0&#8243; custom_padding_phone=\u00bb\u00bb transparent_background=\u00bboff\u00bb padding_mobile=\u00bboff\u00bb make_fullwidth=\u00bboff\u00bb use_custom_width=\u00bboff\u00bb width_unit=\u00bboff\u00bb custom_width_px=\u00bb1080px\u00bb custom_width_percent=\u00bb80%\u00bb][et_pb_row padding_mobile=\u00bboff\u00bb column_padding_mobile=\u00bbon\u00bb admin_label=\u00bbrow\u00bb _builder_version=\u00bb3.25&#8243; background_size=\u00bbinitial\u00bb background_position=\u00bbtop_left\u00bb background_repeat=\u00bbrepeat\u00bb make_fullwidth=\u00bboff\u00bb use_custom_width=\u00bboff\u00bb width_unit=\u00bboff\u00bb custom_width_px=\u00bb1080px\u00bb custom_width_percent=\u00bb80%\u00bb][et_pb_column type=\u00bb4_4&#8243; _builder_version=\u00bb3.25&#8243; custom_padding=\u00bb|||\u00bb custom_padding__hover=\u00bb|||\u00bb][et_pb_post_title meta=\u00bboff\u00bb featured_image=\u00bboff\u00bb admin_label=\u00bbT\u00edtulo de publicaci\u00f3n\u00bb _builder_version=\u00bb3.0.87&#8243; title_all_caps=\u00bboff\u00bb parallax=\u00bbon\u00bb parallax_method=\u00bboff\u00bb parallax_effect=\u00bbon\u00bb use_border_color=\u00bboff\u00bb border_color=\u00bb#ffffff\u00bb border_width=\u00bb1px\u00bb border_style=\u00bbsolid\u00bb][\/et_pb_post_title][\/et_pb_column][\/et_pb_row][et_pb_row column_structure=\u00bb2_3,1_3&#8243; padding_mobile=\u00bboff\u00bb column_padding_mobile=\u00bbon\u00bb admin_label=\u00bbFila\u00bb _builder_version=\u00bb3.25&#8243; background_size=\u00bbinitial\u00bb background_position=\u00bbtop_left\u00bb background_repeat=\u00bbrepeat\u00bb make_fullwidth=\u00bboff\u00bb use_custom_width=\u00bboff\u00bb width_unit=\u00bboff\u00bb custom_width_px=\u00bb1080px\u00bb custom_width_percent=\u00bb80%\u00bb][et_pb_column type=\u00bb2_3&#8243; _builder_version=\u00bb3.25&#8243; custom_padding=\u00bb|||\u00bb custom_padding__hover=\u00bb|||\u00bb][et_pb_text admin_label=\u00bbTexto\u00bb _builder_version=\u00bb4.0.6&#8243; background_size=\u00bbinitial\u00bb background_position=\u00bbtop_left\u00bb background_repeat=\u00bbrepeat\u00bb border_style=\u00bbsolid\u00bb]<\/p>\n<p><strong>Las colocaciones en <a href=\"?page_id=72\">Pr\u00e9stamos Hipotecarios<\/a> tienen la mejor de las garant\u00edas: bienes inmuebles urbanos o rurales.<\/strong><\/p>\n<p>Ofrecemos inversiones financieras en el \u00e1rea de colocaci\u00f3n de capital en operaciones de pr\u00e9stamos hipotecarios.<\/p>\n<p>En estos tiempos de turbulencias financieras es necesario contar con un asesoramiento profesional, actualizado y vers\u00e1til para invertir bien el dinero.<\/p>\n<p>Brindamos un trato personal, asesoramiento profesional, seguimiento constante de las inversiones y una visi\u00f3n actualizada de los mercados, dentro de las tasas de inter\u00e9s y par\u00e1metros autorizados el Banco Central de Uruguay.<\/p>\n<p>[\/et_pb_text][\/et_pb_column][et_pb_column type=\u00bb1_3&#8243; _builder_version=\u00bb3.25&#8243; custom_padding=\u00bb|||\u00bb custom_padding__hover=\u00bb|||\u00bb][et_pb_text admin_label=\u00bbTexto\u00bb _builder_version=\u00bb4.0.6&#8243; background_size=\u00bbinitial\u00bb background_position=\u00bbtop_left\u00bb background_repeat=\u00bbrepeat\u00bb text_orientation=\u00bbcenter\u00bb module_alignment=\u00bbcenter\u00bb hover_enabled=\u00bb0&#8243; use_border_color=\u00bboff\u00bb border_style=\u00bbsolid\u00bb]<div class='et-box box et-shadow'>\n\t\t\t\t\t<div class='et-box-content'>Sin m\u00ednimos ni m\u00e1ximos de capital a invertir, y toda la operativa puede ser controlada por su profesional de confianza.<\/p>\n<p><a href=\"index.php?page_id=48\" class=\"contacto\">Cont\u00e1ctenos<\/a><\/div><\/div>[\/et_pb_text][\/et_pb_column][\/et_pb_row][et_pb_row padding_mobile=\u00bboff\u00bb column_padding_mobile=\u00bbon\u00bb admin_label=\u00bbFila\u00bb _builder_version=\u00bb3.25&#8243; background_size=\u00bbinitial\u00bb background_position=\u00bbtop_left\u00bb background_repeat=\u00bbrepeat\u00bb make_fullwidth=\u00bboff\u00bb use_custom_width=\u00bboff\u00bb width_unit=\u00bboff\u00bb custom_width_px=\u00bb1080px\u00bb custom_width_percent=\u00bb80%\u00bb][et_pb_column type=\u00bb4_4&#8243; _builder_version=\u00bb3.25&#8243; custom_padding=\u00bb|||\u00bb custom_padding__hover=\u00bb|||\u00bb][et_pb_text admin_label=\u00bbTexto\u00bb _builder_version=\u00bb4.0.6&#8243; background_size=\u00bbinitial\u00bb background_position=\u00bbtop_left\u00bb background_repeat=\u00bbrepeat\u00bb text_orientation=\u00bbcenter\u00bb border_style=\u00bbsolid\u00bb]<\/p>\n<p><strong>Los fondos ahorrados con sacrificio, heredados con cari\u00f1o o productos de la fortuna, deben ser cuidados con la m\u00e1xima seguridad, deben crecer con el ritmo de los mercados y generar la mejor renta. A eso apuntamos en Rotima.<\/strong><\/p>\n<p>[\/et_pb_text][\/et_pb_column][\/et_pb_row][\/et_pb_section]<\/p>\n","protected":false},"excerpt":{"rendered":"<p>Las colocaciones en Pr\u00e9stamos Hipotecarios tienen la mejor de las garant\u00edas: bienes inmuebles urbanos o rurales. Ofrecemos inversiones financieras en el \u00e1rea de colocaci\u00f3n de capital en operaciones de pr\u00e9stamos hipotecarios. En estos tiempos de turbulencias financieras es necesario contar con un asesoramiento profesional, actualizado y vers\u00e1til para invertir bien el dinero. Brindamos un trato [&hellip;]<\/p>\n","protected":false},"author":1,"featured_media":0,"parent":56,"menu_order":0,"comment_status":"closed","ping_status":"closed","template":"","meta":{"_et_pb_use_builder":"on","_et_pb_old_content":"Tenemos el agrado de someter a vuestra consideraci\u00f3n, diversas propuestas de inversiones financieras dentro del \u00e1rea de colocaci\u00f3n de capital en operaciones de pr\u00e9stamos hipotecarios y o fideicomisos.\r\n\r\nEn estos tiempos de turbulencias financieras, es necesario contar con un asesoramiento profesional, actualizado y vers\u00e1til para invertir bien el dinero.\r\n\r\nLos fondos ahorrados con sacrificios, heredados con cari\u00f1o o productos de la diosa fortuna, deben ser cuidados con la m\u00e1xima seguridad, crecer con el ritmo de los mercados y generar la renta adecuada, que sin duda debe ser la mejor.\r\n\r\nEsos son los objetivos a los cuales estamos abocados, brindando un trato personal, un asesoramiento profesional, un seguimiento constante de las inversiones y una visi\u00f3n actualizada de los mercados: nacional, regional e internacional.\r\n\r\nUsted podr\u00e1 elegir el plan de inversi\u00f3n que desea, y siempre actuando dentro de las tasas de inter\u00e9s y par\u00e1metros que autoriza el Banco Central de Uruguay.\r\n\r\nLas colocaciones en Pr\u00e9stamos Hipotecarios y\/o Fideicomisos tienen adem\u00e1s la mejor de las garant\u00edas: BIENES INMUEBLES URBANOS O RURALES.\r\n\r\nEs digno de mencionar que no marcamos m\u00ednimos ni m\u00e1ximos de capital a colocar y que toda la operativa puede ser controlada por su profesional de confianza.","_et_gb_content_width":"","_lmt_disableupdate":"","_lmt_disable":"","footnotes":""},"class_list":["post-72","page","type-page","status-publish","hentry"],"_links":{"self":[{"href":"https:\/\/www.rotima.com.uy\/inmobiliaria\/wp-json\/wp\/v2\/pages\/72","targetHints":{"allow":["GET"]}}],"collection":[{"href":"https:\/\/www.rotima.com.uy\/inmobiliaria\/wp-json\/wp\/v2\/pages"}],"about":[{"href":"https:\/\/www.rotima.com.uy\/inmobiliaria\/wp-json\/wp\/v2\/types\/page"}],"author":[{"embeddable":true,"href":"https:\/\/www.rotima.com.uy\/inmobiliaria\/wp-json\/wp\/v2\/users\/1"}],"replies":[{"embeddable":true,"href":"https:\/\/www.rotima.com.uy\/inmobiliaria\/wp-json\/wp\/v2\/comments?post=72"}],"version-history":[{"count":10,"href":"https:\/\/www.rotima.com.uy\/inmobiliaria\/wp-json\/wp\/v2\/pages\/72\/revisions"}],"predecessor-version":[{"id":648,"href":"https:\/\/www.rotima.com.uy\/inmobiliaria\/wp-json\/wp\/v2\/pages\/72\/revisions\/648"}],"up":[{"embeddable":true,"href":"https:\/\/www.rotima.com.uy\/inmobiliaria\/wp-json\/wp\/v2\/pages\/56"}],"wp:attachment":[{"href":"https:\/\/www.rotima.com.uy\/inmobiliaria\/wp-json\/wp\/v2\/media?parent=72"}],"curies":[{"name":"wp","href":"https:\/\/api.w.org\/{rel}","templated":true}]}}